 = g*t - 18. What is the greatest common divisor of t and 12?
4
Suppose 1961 = 95*a - 10864. Calculate the greatest common factor of 36 and a.
9
Suppose -6*a = 3*z - 2*a + 40, 0 = 3*z + 3*a + 36. Let j = z + 0. Let n be (j/(-12))/(2/39). Calculate the greatest common divisor of n and 13.
13
Suppose 3*i + 18 = -0. Let y be (-2)/(-6) - 184/i. Let l = -18 - -80. What is the highest common divisor of y and l?
31
Suppose -4*n + 2228 = -2*d, 0 = -2*n - d - 3*d + 1134. Let a = -295 + n. Calculate the greatest common divisor of 48 and a.
24
Suppose -3*t = -2*n + 87, -9*n = -6*n + 4*t - 122. Suppose 3*d - d = o - n, -2*o + 49 = 3*d. What is the greatest common divisor of o and 8?
8
Suppose -86*d - 18165 = -605*d. Let h(l) = 2*l + 2. Let g be h(6). Calculate the highest common factor of g and d.
7
Suppose -4*c + 3*l = -3*c - 43, 2*l = -c + 28. Let p(i) = 239*i**2 - 1. Let u be p(1). Suppose 0*o - u = -o. Calculate the highest common divisor of o and c.
34
Suppose 0 = 18*w - 15*w - 6. Suppose 189 = w*y - y. Suppose -56 - 41 = -5*l - 4*g, 0 = 2*l - 5*g - 52. What is the greatest common factor of l and y?
21
Let x = 67 + -57. Suppose 11*m = 6*m - x. Let q = m - -17. Calculate the highest common factor of q and 60.
15
Suppose -5*s - 97 = 4*t - 855, -3*s - t = -445. Calculate the highest common divisor of 33434 and s.
146
Let d(a) be the first derivative of -a**4/4 - 3*a**3 - 11*a**2/2 - 6*a + 24. Let g be d(-8). Let u = 7 + 2. What is the greatest common factor of u and g?
9
Suppose c - 6157 = -50*t + 52*t, 0 = 2*c + 2*t - 12314. What is the highest common factor of 131 and c?
131
Let p = 2 - -864. Suppose 10*a - 2034 = p. Calculate the greatest common divisor of a and 10.
10
Suppose 5*r = 2*i - 20 + 6, r = -i. Suppose 0 = -2*p + 4*a + 72, i*p - 34 = 5*a + 43. Let t = p - 14. Calculate the highest common divisor of 2 and t.
2
Let y be 9/(-2) - 21/42. Let o be (-2264)/(-10) + 64/(-160) - y. Calculate the greatest common divisor of o and 33.
33
Let x(d) = 25*d**3 - 5*d**2 + 48*d - 92. Let r be x(3). Calculate the greatest common factor of 374 and r.
22
Suppose 38*o + 2019 = 6503. Calculate the highest common factor of 7906 and o.
118
Let x be (-8)/10 + 4/5. Let k(c) = x*c**2 + 21 - 11 + c**2 + 4*c**2 + c**3. Let y be k(-5). What is the highest common factor of y and 20?
10
Suppose -10*t + 50 = 15*t. Suppose 0 = 2*r - 3*v - 287, t*r = 16*v - 11*v + 281. What is the greatest common factor of 4 and r?
4
Let w(l) be the second derivative of l**4/12 - 3*l**3 - 4*l**2 - 22*l - 1. Let i be w(20). Calculate the greatest common factor of 52 and i.
4
Suppose -u = -4*q - 24, 11 = 4*u - 2*q - 29. Let c(r) = 174*r + 4332. Let l be c(-22). What is the greatest common factor of l and u?
8
Suppose 826 = -91*a + 150*a. Suppose -4*s + 3 = -1, 3*b - 11 = s. Calculate the highest common factor of b and a.
2
Suppose -3*s = -20 + 14. Suppose 249 = 5*n - s*d - 1026, 248 = n + d. What is the greatest common divisor of n and 23?
23
Let i = -364 - -520. Suppose 5*f - 195 = 4*u, -4*f + 0*u = u - i. Let s = 54 - f. What is the highest common factor of 5 and s?
5
Suppose -44*g = -9*g + 44*g - 11613. What is the highest common divisor of 196 and g?
49
Suppose -7*i = -i + 744. Let u be (-8)/(-1 + -1) + i. Let m be (2/5)/((-2)/u). What is the highest common factor of m and 120?
24
Let o be ((-848)/48 + 17)*(-27)/(0 - -1). What is the greatest common factor of o and 1182?
6
Let m be 405/20 - (-7)/56*6. Suppose -2*f = -1 - 5. Suppose -5*a + 6*a - f = 0. What is the greatest common factor of m and a?
3
Let k(c) = -69*c - 144. Let f(l) = l**3 + 7*l**2 - 10*l - 73. Let v be f(-7). Let q be k(v). What is the greatest common factor of 1260 and q?
63
Let r = -12574 - -13561. What is the greatest common factor of r and 63?
21
Suppose -117 - 103 = -10*w. Suppose -2*j + w = -5*n, 4*n + 20 = 9*n. Calculate the highest common divisor of j and 28.
7
Suppose -5*o = 0, -5*r - 15 = -0*r + 2*o. Let s(g) = -5*g + 6. Let l be s(r). Suppose -l*b + 150 = -6*b. What is the highest common factor of 30 and b?
10
Suppose -4 = -4*p, -2*m - 29 = -4*m + 5*p. Suppose 3 = s, 4 = -c + 4*s - 4. Suppose -6*a + 204 = -c*a. What is the highest common divisor of a and m?
17
Suppose 4*n = 4*f + 14 - 30, -4 = -n - f. Suppose n = -10*h + 21 + 179. Calculate the greatest common factor of h and 130.
10
Suppose -161 = -7*u + 252. Let t = u + -31. Suppose 3*y - 8*y = -q - 68, -3*y + 44 = q. What is the greatest common factor of t and y?
14
Let n = -7707 - -7718. What is the greatest common divisor of n and 2299?
11
Let l be (6/(-4))/(14/(-84)). Suppose 5*h = 2*v - 61, -4*h - 17 = -v + l. What is the greatest common divisor of v and 38?
38
Let w(r) = -r**2 - 83*r - 834. Let d be w(-12). Calculate the greatest common divisor of 636 and d.
6
Let a(v) = 4*v + 2. Let h be a(7). Let y = -37 + 0. Let l = y + 52. What is the greatest common factor of h and l?
15
Let s(y) = y**2 - 138*y + 437. Let p be s(137). Calculate the greatest common divisor of p and 710.
10
Let h be -58 + (-5)/35*-7. Let p be 8/2*(h/(-6) - 8). What is the highest common factor of 34 and p?
2
Suppose -560 = -5*l - 3*l. Suppose w - y + 0*y = 71, w - l = 2*y. Let m = -55 + w. Calculate the highest common divisor of m and 153.
17
Suppose 0 = -0*n + 3*n + 3, -s + 313 = 4*n. Let g = s - 1355. Let k = -732 - g. Calculate the highest common divisor of 34 and k.
34
Suppose 7*n + 37 = 58. Suppose 0 = -2*x - 2*t + 218, -n*t = x + 4*x - 543. What is the greatest common divisor of x and 27?
27
Let u(t) = -t**3 + 10*t**2 - 16*t + 10. Let n = -312 + 318. Let m be u(n). What is the highest common divisor of m and 290?
58
Suppose 2*a + a + 2*b = -6, 5*b = 3*a + 27. Let c be 20 - (225/(-81) - a/(-18)). What is the greatest common factor of 23 and c?
23
Let c be 1/7*3 - (-4710)/35. Let u = 89 - 74. Calculate the highest common divisor of u and c.
15
Suppose 26 = 4*m - 10. Suppose 10*i - 500 = -k + m*i, i + 1000 = 2*k. Calculate the greatest common divisor of k and 20.
20
Let h(s) = -s**2 - 10*s + 10. Let m be h(7). Let c = 70 + m. Let d be ((-301)/(-13) - (-6)/c) + 3. Calculate the highest common factor of 65 and d.
13
Let v be ((-1674)/(-63))/(1/35). Suppose 3*m + 204 = -5*h + 6*h, 5*h - v = -3*m. What is the greatest common factor of h and 27?
27
Suppose -12*j + 100 = -2*j. Let v be j/(-2)*(-6)/(-30)*5. Let i be ((-2)/v + 62/(-5))*-3. Calculate the greatest common divisor of 324 and i.
36
Suppose 10*b - 161 - 9 = 0. Let w = -2 - 2. Let d(o) = 15*o**2 + 6*o + 5. Let c be d(w). What is the greatest common divisor of b and c?
17
Suppose 2 = -s, 14*t - 16*t = 4*s - 2. Suppose 5*c + 5*k = 1 + 89, -46 = -3*c + t*k. Let v = -126 + 262. Calculate the highest common factor of c and v.
17
Let r(s) = 2*s**2 - 48*s + 11. Let o = 118 - 98. Let c = o + 4. Let l be r(c). Calculate the highest common factor of 187 and l.
11
Suppose 153*p - j + 1064 = 157*p, j = -10*p + 2654. Calculate the highest common divisor of 14 and p.
1
Let o = 104 + -101. Let q be o/1 + 3 - 0. Let w(d) = 15*d - 15. Let x be w(q). What is the greatest common factor of x and 30?
15
Let n be -121 + (-2 + 4 - -2). Let j = 205 + n. Let m = 97 - j. What is the highest common factor of 99 and m?
9
Suppose 3*n = -5*u + 1305, 0 = -2*n - n. Calculate the greatest common divisor of 87 and u.
87
Let h(d) = 1341*d**2 + 15*d - 15. Let r be h(1). What is the greatest common divisor of r and 45?
9
Let n = -3673 + 3683. Calculate the highest common factor of 5085 and n.
5
Suppose -5*m + 59 = y + 2*y, -4*m = -5*y + 49. Let i be (3 - 6) + 7 - y/1. Let k(b) = -4*b - 26. Let c be k(i). What is the highest common factor of c and 25?
5
Let i = 147 + -143. Suppose 3*p + i*d = 54, p + 22 = 3*p - 2*d. Calculate the greatest common divisor of 63 and p.
7
Suppose -18*n + 3*n + 120 = 0. Suppose 10*l - 176 = n*l. Calculate the highest common factor of l and 16.
8
Let i be (-5)/25 + (-203)/35. Let d be 56/6*(9 + i). Calculate the highest common factor of 98 and d.
14
Let s(g) = 508*g - 1356. Let y be s(5). What is the greatest common divisor of 64 and y?
32
Suppose 3*d + 265 = 5*i - 2*d, 0 = 4*d + 8. Suppose -5*f + 2*f + i = 0. Let y be 2/(-20)*2*(-25)/5. What is the greatest common factor of y and f?
1
Suppose 46*n - 90*n = 51*n - 2185. What is the gre